 c, 3*v + u = 26. List the prime factors of v.
7
Let h = 74 - -210. List the prime factors of h.
2, 71
Let w(z) = 4*z - 7. Let o = -11 + 15. Let p be o/(-16) - (-66)/8. List the prime factors of w(p).
5
Let j = -12 + 35. Suppose j*o = 22*o + 244. List the prime factors of o.
2, 61
Let b = -1205 + 2160. List the prime factors of b.
5, 191
Let g be (295/15)/((-4)/(-36)). Let m = g - 91. What are the prime factors of m?
2, 43
Let n be 3 - (-4)/((-16)/(-2748)). Suppose 490 + n = 4*b. What are the prime factors of b?
5, 59
Let f(q) = 4*q - 10. Let h be f(4). Let p be 6/4 + 9/h. Suppose 3*y + p = 18. List the prime factors of y.
5
Let t be (-1)/((2/2)/(-19)). Suppose 3*g + 5*a = -18, 2*g + 6 = g - 2*a. Let r = t - g. List the prime factors of r.
5
Suppose g - 2*g = -5, -4*f = 5*g - 137. List the prime factors of 9/((-189)/6) - (-5552)/f.
2, 3, 11
Let u be (10 + 4)/((-4)/(-2)). Suppose 0*c + 5*c = 6*c. Suppose u*b - 3*b + r - 185 = c, -250 = -5*b - 5*r. List the prime factors of b.
3, 5
Let k be (-5)/(-30) - (-53)/6. Suppose 5*s + 584 = k*s. What are the prime factors of s?
2, 73
Let f(w) = -19*w - 151. List the prime factors of f(-18).
191
Suppose 2*q - 2*j - 3*j = 87, -5*j - 31 = -q. Let u = 84 - q. What are the prime factors of u?
2, 7
Let p(c) = 15*c**2 - c + 6. Let n(v) = 29*v**2 - 2*v + 12. Let r(g) = -3*n(g) + 7*p(g). List the prime factors of r(3).
3, 5, 11
Let o(l) = 37*l**2 - 25*l + 70. What are the prime factors of o(7)?
2, 7, 61
Suppose 8 = 2*f - 2*n, 0 = 4*f + n - 6 - 0. Let w = 19 - 19. Suppose y = -f + 4, w = 4*m - y - 122. What are the prime factors of m?
31
Let k = 6 - -1. List the prime factors of ((-63)/(-4))/((-275)/40 + k).
2, 3, 7
Suppose 2*d + 2*t - 22 = 4*t, -21 = -2*d + t. What are the prime factors of 504/d - 2/5?
2, 5
Let c be (-54)/21*56/12. Let n be (-4)/c*(0 - 0). Let p(i) = i**3 + i**2 + 2. List the prime factors of p(n).
2
What are the prime factors of 6*48/54 - 12/9?
2
Let b(i) = 2*i**2 + 9*i - 7. Let l be b(6). Suppose 5*t + 5*k - l = t, -2*k + 170 = 5*t. List the prime factors of t.
2, 3
Suppose 0*c - g - 536 = -c, 2*c - 1081 = -g. What are the prime factors of c?
7, 11
Let s be (-42)/(-8) - 1/4. Suppose -s*b = -3*b - 32. What are the prime factors of b?
2
Suppose -5*c + 0*c - 265 = 0. Let m = 86 + c. Let a = m - 11. List the prime factors of a.
2, 11
What are the prime factors of 3/((-3)/(-1151)) + (-72)/12?
5, 229
Let y(j) = 2*j**2 - 3*j + 1. Let w(f) = 6*f + 0*f**2 + 2*f**2 + 0*f**2 - f**2 + 2. Let a be w(-6). List the prime factors of y(a).
3
Let q(o) = 8*o**2 + 11*o - 6. Let l be q(-6). Suppose c - l = -3*c. List the prime factors of c.
2, 3
Suppose 0 = -21*c + 22*c - 253. Let g = -159 + c. What are the prime factors of g?
2, 47
Let d = 9 + -7. Let t(v) = -v**3 + 2*v**2 - 3*v - 3*v**2 + 2*v**d - 5 + 6*v**2. List the prime factors of t(6).
13
Let c(u) be the second derivative of u**3 - 19/2*u**2 - 3*u + 0. List the prime factors of c(10).
41
Suppose -2*c - 3*h + 12 = 0, -1 - 3 = 5*c - h. What are the prime factors of 111 - (c + 7 + -5)?
109
Let g(f) = 8*f**2 + 3*f - 2. Let w be g(1). List the prime factors of 15/18*w*(-102)/(-5).
3, 17
Let f(l) = l + 15. Let t be f(-13). Suppose 6 = t*j - 2. Suppose -j*b + 5*b = 16. What are the prime factors of b?
2
Suppose 2*v + 8 = 3*y, 14 = 2*y + 2*v + v. Suppose 5 = t + y*t. List the prime factors of -1 - t - (-85)/5.
3, 5
Suppose 0*p + 434 = 7*p. List the prime factors of (-1402)/(-5) + p/(-155).
2, 5, 7
List the prime factors of 5*(3 + (-29722)/(-35) + -6).
4231
Let c(t) = 37*t - 34. List the prime factors of c(52).
2, 3, 5, 7
Let o(b) = -3*b + 1. Suppose -5*l - 2*i = -130, 3*i - 125 = l - 6*l. Let s = -32 + l. List the prime factors of o(s).
13
Let o = 7318 - 3133. What are the prime factors of o?
3, 5, 31
Let w = -2874 - -4614. What are the prime factors of w?
2, 3, 5, 29
Let k = 0 - 8. Let n be k/(-20) - (-106)/10. List the prime factors of (n - -1)*88/32.
3, 11
Suppose 20*u + 154 = 31*u. Let n = 3 - 3. Suppose n = -3*v + 149 - u. List the prime factors of v.
3, 5
Suppose 0 = -q - 3*u + 1444 + 21, 4*u = 4*q - 5908. List the prime factors of q.
2, 11, 67
Let a = 4 - 3. Suppose -5*l = 3*u - 10, -5 = -3*l + a. Suppose u*k - 6*k = -426. List the prime factors of k.
71
Let g be (-15)/6*24/(-10). Let o = 27 + g. List the prime factors of o.
3, 11
Suppose 5*h = -4*h + 27. Suppose 554 = h*f + 2*b, f + 3*b + 365 = 3*f. List the prime factors of f.
2, 23
Let y(o) = o**3 + 9*o**2 - 11*o - 8. Let t be y(-10). Suppose -t*d = -210 - 286. Suppose -4*x = 84 - d. What are the prime factors of x?
41
Suppose -y + 589 = o, -5*y + 9*y + o - 2359 = 0. List the prime factors of y.
2, 5, 59
Suppose 1805 = 5*m - 2550. What are the prime factors of m?
13, 67
Suppose 4*g - 3*g - 2 = 0. Suppose 44 = g*a - 0*a. List the prime factors of a.
2, 11
Let g = 3483 - 2013. What are the prime factors of g?
2, 3, 5, 7
Suppose 148*u - 6182 = 137*u. What are the prime factors of u?
2, 281
Suppose -20 - 83 = y. Let m = y - -177. What are the prime factors of m?
2, 37
Let u(b) = 3*b**2 + 24*b + 41. What are the prime factors of u(-19)?
2, 167
What are the prime factors of (1 - (-8157)/5) + 78/(-195)?
2, 3, 17
Let v = -5 + -3. Let l be 1/((-2)/28) - -2. What are the prime factors of (-2)/v - 345/l?
29
Let b = -221 + 156. Let a = b - -120. What are the prime factors of a?
5, 11
Let i be 1/(-6) + 31/6. Suppose 10 = -0*b - b - 3*w, i*w - 15 = 0. Let x = 31 + b. What are the prime factors of x?
2, 3
Let i = 16 - -36. Let m be 2384/i - (-2)/13. List the prime factors of -6*(m/(-4) + 3).
3, 17
Let d(g) = 24*g**2 + 14*g + 6. What are the prime factors of d(3)?
2, 3, 11
Suppose -21*l + 2 = -20*l. Suppose -4*o - x - 138 = 58, -o = 2*x + 42. List the prime factors of l + -4 - (o + 1).
47
Suppose 4672 = 19*h - 2757. List the prime factors of h.
17, 23
Let z(x) = 2*x**2 + 9*x + 8. Let j be z(-4). Suppose -q = -5*y + 2*y - 56, j*y = -8. What are the prime factors of q?
2, 5
Let i(f) = f**3 - f. Let g be i(0). Suppose b - 4*d = 8, 3*d = -5*b - 2 - 4. Suppose b = -4*t + 5*h + 34, 2 = t - g*t + 2*h. List the prime factors of t.
2, 3
Suppose 0 = 3*o - 7*o - 60. Let i be o/20*(-107 - 1). Suppose -2*f + 17 = -i. List the prime factors of f.
7
Let s(v) = 2*v**2 - 10*v - 22. Let k be s(9). Let u = k + -20. What are the prime factors of u?
2, 3, 5
What are the prime factors of ((-1385)/(-10))/(-3 - (-7)/2)?
277
Suppose 63*a - 3147 = 60*a. What are the prime factors of a?
1049
Let m(y) = y**2 - 5*y + 4. Let p = 13 + -8. Let u be m(p). Suppose -2*c + 5 = -3*c, -3*v + 83 = -u*c. List the prime factors of v.
3, 7
Let r(t) = -3*t + 1. Let u(s) = -s + 7. Let q be u(5). Suppose 75 = -5*w - 4*c - c, -q*w - 35 = -3*c. What are the prime factors of r(w)?
7
Let z(d) be the first derivative of d**3/6 - 5*d**2 + 4*d + 2. Let i(r) be the first derivative of z(r). What are the prime factors of i(12)?
2
Let p be 8*(1 + (-665)/(-20)). Let r = 415 - p. List the prime factors of r.
3, 47
Let w be (-2)/2*3*20/(-12). Suppose g + 300 = 5*i, -4*i + w*g = -i - 202. List the prime factors of i.
59
Let q = -70 + 69. List the prime factors of (-471)/(-21) + q/((-7)/(-3)).
2, 11
Let x = 1828 + -1163. List the prime factors of x.
5, 7, 19
Let v = 17 + -4. Suppose 4*f - 7 = v. Suppose 4*q + 172 = -r + f*r, 19 = r + 5*q. List the prime factors of r.
3, 13
Let v = 244 + -88. List the prime factors of v.
2, 3, 13
Let j be 6/14 - 1560/(-35). Suppose -5*w - 10 = -5, 2*l = -3*w - j. Let k = l + 24. List the prime factors of k.
3
Suppose 3*z + z - 8 = 0. Suppose 2 - 6 = -z*k. Suppose 0 = i - k*c - 1, -4*i + 6 = 5*c - 37. What are the prime factors of i?
7
Let q(g) = -g**3 + g**2 - 79. Let r be q(0). Let l = -50 - r. List the prime factors of l.
29
Suppose -4*s + 0*i - 5*i = -5678, 2*i = -4. List the prime factors of s.
2, 3, 79
Let g be 46/14 + 16/(-56). Suppose 0 = g*h - 2*a + 9, 3*h + 2*a = 3*a - 12. Let s = h + 12. What are the prime factors of s?
7
Suppose 20 - 2 = 3*k. Suppose -6*s - 10 = -11*s. What are the prime factors of (-4)/k*-42 + s?
2, 3, 5
Let k be 944/24*(-3)/(-2). Let f = k + 2. List the prime factors of f.
61
Suppose -30*n - 4*c = -27*n - 5194, -4*c + 16 = 0. What are the prime factors of n?
2, 863
Let p = -33 - -4645. List the prime factors of p.